site?
True
Let y be (-3 - 238/(-10)) + (-4)/(-20). Let f = 106 - y. Is f a composite number?
True
Let v = 1241 + -837. Let z be (-3)/(-2)*(-188)/6. Let m = v - z. Is m a composite number?
True
Is 10/(-12) + 12284013/306 a composite number?
True
Let m(u) be the second derivative of 3*u**5/20 - u**4/3 - 4*u**3/3 + 11*u**2/2 - 9*u. Let o be m(5). Suppose -o = 4*d - 6*d. Is d a composite number?
True
Suppose 0 = -3*g + 4*x + 2063, -5*x - 985 - 1077 = -3*g. Is g composite?
True
Let v(q) = -q**3 - 6*q**2 - 2*q - 4. Let t be v(-6). Let h be (t/5)/((-4)/(-160)). Let i = h - 31. Is i a composite number?
True
Let h = 8 + -5. Let i = 143 + -25. Suppose -p - i = -h*p. Is p composite?
False
Let h(p) = 5*p**2 + 5*p - 10. Suppose 5*s + 37 = 3*u - 15, 3*u + 4 = -2*s. Let t be h(s). Suppose d + 2*a - 91 = -0*d, -3*d = 5*a - t. Is d a prime number?
False
Let b(u) = 5*u**2 - 2*u + 7. Let l(r) = 3*r + 25. Let q be l(-5). Is b(q) a prime number?
True
Let h(i) = -212*i - 5. Let q(c) be the first derivative of c**2/2 + 2*c + 10. Let s be q(-4). Is h(s) a prime number?
True
Let i be (-5)/15*(-2 + -25). Suppose -i*y - 2 = -10*y. Suppose y*v = 4*v - 182. Is v a prime number?
False
Suppose -96 = 6*r - 2*r. Suppose -1 = -6*c - 31. Let v = c - r. Is v a composite number?
False
Let n be -4 - (-7)/((-14)/(-4696)). Is (-2 - -1)/((-8)/n) composite?
False
Suppose 5069 = t - 304. Let u = -29 + 27. Is u/8 + t/36 prime?
True
Suppose 5*v + l - 5*l = 414, 2 = -2*l. Suppose -2*w - o = -121, -w - 3*o + v = 9. Let f = w - 19. Is f a composite number?
True
Suppose 0 = 2*a - 35 - 335. Let o be 8 + (-2 + 4)/(-2). Suppose 2*x = o*x - a. Is x prime?
True
Suppose -4*f = 2628 - 132. Let w = f - -1277. Suppose -84 = -b - 2*p + 557, 5*p - w = -b. Is b prime?
False
Let n be 18/14 + (-4)/14. Let p(g) = -n + g**3 - 4*g**2 - g**2 - 5*g**2 - 18*g - 3*g**2. Is p(15) a prime number?
True
Suppose 3*u - 4581 = -2*p, u + 0*p + 2*p = 1531. Suppose -4*i + 594 = 2*n, -2*i + u = 2*n + 3*n. Is n prime?
True
Suppose 0 = 3*a + 5*m - 14060, 5*a + m - 18741 = a. Is a a prime number?
False
Let k(u) = -u + 10. Let b be k(10). Suppose b = y + 3*h - 1841, 2*h + 2 = -2. Is y composite?
False
Let g(s) be the first derivative of 31*s**2/2 + 2*s - 1. Let f be ((-9)/4 + 0)*(-4)/3. Is g(f) a prime number?
False
Let q(t) = t**2 - 2*t. Let a be q(3). Suppose a + 2 = y. Suppose 335 = y*i + 5*j, 137 + 72 = 3*i + j. Is i composite?
False
Suppose 28*k = 35*k - 120722. Is k a composite number?
True
Suppose -4*x - 3*b + 4289 = 0, 5*x - 5363 = 6*b - 8*b. Is x composite?
True
Suppose 14*c - 16 = 10*c. Is 1151/(-2)*(-2)/4*c composite?
False
Let c(p) = 53*p**2 + 35*p + 199. Is c(-9) a prime number?
True
Let i be (-2)/4*(-8)/2. Let d be (-2)/(-6)*(1 - -284). Let l = i + d. Is l a prime number?
True
Let g(q) = q**3 + 9*q**2 - 10*q + 4. Let j be g(-10). Suppose j*s + 5*w = 5611, 2*s + 2*s - 5605 = -3*w. Is s a composite number?
False
Suppose 21*l - 656913 = -226980. Is l a prime number?
False
Let p = 160 + 91. Is p a composite number?
False
Let r = 7723 - 4092. Is r a prime number?
True
Suppose 0 = 16*q - 143252 - 45852. Is q composite?
True
Suppose 10*z = 5*z - 9840. Let w = -1313 - z. Is w composite?
True
Suppose 0 = -0*r - 2*r + 108. Let o = r + 9. Suppose 4 = -u + o. Is u prime?
True
Suppose -321 = -x + 1610. Is x a prime number?
True
Suppose 2*z - 4 = -2. Let a(w) = 62*w**3 - 2*w + 1. Let n be a(z). Suppose -v + 58 = -n. Is v a composite number?
True
Let h = -17 - -22. Let v(f) be the second derivative of 10*f**3/3 + 9*f**2/2 - 24*f. Is v(h) composite?
False
Suppose 2*q - 2*w - 37466 = -0*q, -q - w = -18729. Is q prime?
True
Is 2*3/27 - (-572691)/27 prime?
True
Is (5 - 7122)/(1 + -2) prime?
False
Let s = -3857 + 7208. Is s composite?
True
Let o = -11417 + 17664. Is o prime?
True
Is 1388*(1 + (-3)/12) composite?
True
Suppose 10*t + 4 = 12*t. Suppose t*b + 0 = 18. Let d = 134 + b. Is d prime?
False
Let j(q) = q**3 + 6*q**2 - 7*q + 8. Let z be j(-7). Suppose 4*m + 5*h - 19 = 6*h, 10 = 2*h. Is (m + z)*23/2 prime?
False
Is (-113168)/(-6) + 7/(-21) a composite number?
True
Suppose 48*p - 353820 = -12*p. Is p composite?
False
Let c = 62 - 173. Suppose -440 = -6*r - 158. Let p = r - c. Is p a composite number?
True
Let q(h) be the third derivative of h**6/120 - 2*h**5/15 + h**4/2 - 25*h**3/6 + 4*h**2. Is q(10) a prime number?
False
Suppose 17*k - 233232 = -4*w + 15*k, 3*k + 6 = 0. Is w a composite number?
False
Let h be 171/12 - 2/((-24)/(-3)). Is 105/h*892/(-6)*-1 a composite number?
True
Let q = -719 - -1640. Let w = -827 - -844. Suppose -q = -20*r + w*r. Is r composite?
False
Let f(j) = 2*j**2 - 2*j + 12. Let w be f(0). Let k be (-40)/(-16)*w/(-10). Is 1/k*(-389 + 8) composite?
False
Let g(v) = -v**3 - 8*v**2 + 7*v - 18. Let k be g(-9). Suppose k*d + 254 = 2*d. Is d a composite number?
False
Let f be -1 + 1 - (2 + -8). Let v(b) = 4*b**2 + 5 - 4 + 3*b - f*b. Is v(5) a composite number?
True
Suppose -504 = 2*l + 136. Is -4 - (-1 - l/(-2)) a composite number?
False
Is (-14168)/(-12) + (-2)/6*-1 prime?
True
Suppose 3*n - 2*n - 74 = -4*s, -2*s - 436 = -5*n. Suppose 3*q - n = -0*q + 4*j, 0 = q - 4*j - 18. Is q a prime number?
False
Suppose 19 - 7 = 2*l. Let b(n) = 5*n**3 + 3*n**2 - 6*n - 10. Is b(l) a prime number?
False
Let g be 14 + -9 + 0/2. Suppose g*m - 351 = 114. Let j = 162 - m. Is j a prime number?
False
Let p be 3 + (-428 + -4)/1. Let j = 756 + p. Is j prime?
False
Let w(q) = 108*q - 15*q - 7 + 0. Let m be w(2). Suppose 223 = 6*l - m. Is l a prime number?
True
Let z(c) = 13*c**2 - 5*c + 95. Is z(10) a composite number?
True
Let h(m) = -m + 8. Let r be h(5). Suppose 4*w = -4*x + r*x + 1938, 3*x + 5*w - 5821 = 0. Is x composite?
True
Let h be 1*6/(-33) - (-184)/44. Suppose 0*t = h*t - 340. Is t composite?
True
Let w be (2/5)/((-24)/(-480)). Suppose 0*r = -w*r + 13256. Is r a composite number?
False
Let b(c) = -6*c**2 + 5*c - 3. Let j be b(3). Let x be ((-28)/j)/((-2)/3). Is ((-42)/(-24))/(x/(-652)) a prime number?
False
Suppose 0 = 4*m - 134 - 138. Let b = 71 - m. Is b prime?
True
Is (1/(-4))/(45/(-248580)) prime?
True
Suppose -4*f + 6 = -3*b, -6 = b - 4*f + 4. Suppose 0 = 4*r - b*k - 2*k + 20, 5*r + k + 1 = 0. Is (-2088)/(-90) + r/5 prime?
True
Let l = 3800 - 2389. Is l composite?
True
Suppose -262 = -4*c - 3190. Let o = c - -1027. Is o prime?
False
Let l = 23 + -12. Suppose 9*d - l*d + 1442 = 0. Is d prime?
False
Let b be ((-1)/(-2))/(9/18). Is (8012/12)/(b/3) a prime number?
True
Let y(v) = -4*v**3 + v**2 - 3*v - 5. Let z be y(-1). Let m = -3 - -5. Suppose m*a + 479 = z*a. Is a prime?
True
Suppose -50*c = 18*c - 1925828. Is c a composite number?
True
Let j(u) = -u**3 + 20*u**2 + 14*u - 26. Let o be j(18). Let t(x) = -77*x - 2. Let s be t(5). Let w = s + o. Is w composite?
False
Let n = 7 + -2. Suppose s = -2*s - n*y + 26, -3*s + 2*y - 2 = 0. Suppose s*p - 12 = 10. Is p a composite number?
False
Let d(b) = -16650*b + 95. Is d(-12) a prime number?
False
Let j(y) = 174*y**2 + 126*y + 11. Is j(-10) composite?
True
Suppose 5*d + 0*d + 4*n - 11961 = 0, -3*n = -d + 2377. Suppose 0 = -3*x + q + d, x + 2*q - 1598 = -x. Is x prime?
True
Suppose -5*v = -17 - 8. Is 2/v - 18396/(-60) a composite number?
False
Let o be -6*42/(-8)*1896/36. Suppose -5*x + o = 4*l - 2273, 0 = 3*x. Is l a composite number?
False
Is 6 + (-4)/(-16) + (-128102)/(-8) a prime number?
False
Let i = 268 + 11. Let k(z) = -12*z - 9. Let f be k(22). Is 2/(f/i + 1) a composite number?
True
Suppose 2*f - 35 = 3*q, -q = -5*f - 0*f - 10. Is (5/q)/((-1)/318) - 0 a composite number?
True
Is (6814 + 0)/(152/228) a composite number?
True
Let w(s) = -38*s - 15. Is w(-22) prime?
True
Let x(o) = o**3 - 10*o**2 + 12*o - 1. Suppose -2*j = -2 - 10. Let i be (-3)/j*(0 - 18). Is x(i) prime?
False
Suppose -554 = -m + 1269. Is m a composite number?
False
Suppose 0*q = 5*r - q - 12, 3*q + 6 = 0. Suppose -3*v + 17 = 2*j + 3*j, -3*j = r*v - 12. Is (-2)/v + (-12068)/(-36) prime?
False
Suppose -23*g = 5807 - 6634200. Is g prime?
True
Suppose -r - 4*v + 663 + 2964 = 0, v + 18177 = 5*r. Is r prime?
False
Is (-1)/((7/1409541)/(3/(-9))) prime?
True
Let o be 647/((1 - 2) + 2). Is (o/(-3))/((-4)/12) prime?
True
Suppose -v + 6*v + 17 = 4*u, 3*v - 4*u + 15 = 0. Is v/(1 + (-866)/865) a composite number?